{"id":810,"date":"2017-10-23T10:09:43","date_gmt":"2017-10-23T09:09:43","guid":{"rendered":"http:\/\/www.msqb.fr\/site\/?page_id=810"},"modified":"2022-02-01T16:46:25","modified_gmt":"2022-02-01T15:46:25","slug":"jeunes","status":"publish","type":"page","link":"https:\/\/www.mbsmb.fr\/site\/jeunes\/","title":{"rendered":"Jeunes"},"content":{"rendered":"<p><img loading=\"lazy\" decoding=\"async\" class=\"alignnone size-medium wp-image-989\" src=\"https:\/\/www.mbsmb.fr\/site\/wp-content\/uploads\/2018\/07\/MSQB-jeunes-2-300x225.jpg\" alt=\"\" width=\"300\" height=\"225\" srcset=\"https:\/\/www.mbsmb.fr\/site\/wp-content\/uploads\/2018\/07\/MSQB-jeunes-2-300x225.jpg 300w, https:\/\/www.mbsmb.fr\/site\/wp-content\/uploads\/2018\/07\/MSQB-jeunes-2-768x576.jpg 768w, https:\/\/www.mbsmb.fr\/site\/wp-content\/uploads\/2018\/07\/MSQB-jeunes-2.jpg 960w\" sizes=\"auto, (max-width: 300px) 100vw, 300px\" \/><\/p>\n<p>Nous proposons de nombreux cr\u00e9neaux pour les jeunes, pour une pratique loisirs, ou bien de comp\u00e9tition.<\/p>\n<p>&nbsp;<\/p>\n<p>A NOTER:<\/p>\n<p>* Le public jeunes sera orient\u00e9 (vers un ou plusieurs cr\u00e9neaux) par les responsables de section: Florent Thibot et Daniel Felix.<\/p>\n<p>* <strong>Age<\/strong>\u00a0 : l&rsquo;\u00e2ge ne sera pas toujours un facteur d\u00e9terminant: c&rsquo;est avant tout la motricit\u00e9, maturit\u00e9, son niveau sportif et sa motivation qui comptera dans son orientation vers tel ou tel cr\u00e9neau.<\/p>\n<!-- AddThis Advanced Settings generic via filter on the_content --><!-- AddThis Share Buttons generic via filter on the_content -->","protected":false},"excerpt":{"rendered":"<p>Nous proposons de nombreux cr\u00e9neaux pour les jeunes, pour une pratique loisirs, ou bien de comp\u00e9tition. &nbsp; A NOTER: * Le public jeunes sera orient\u00e9 (vers un ou plusieurs cr\u00e9neaux) par les responsables de section: Florent Thibot et Daniel Felix. * Age\u00a0 : l&rsquo;\u00e2ge ne sera pas toujours un facteur &hellip;<!-- AddThis Advanced Settings generic via filter on get_the_excerpt --><!-- AddThis Share Buttons generic via filter on get_the_excerpt --><\/p>\n","protected":false},"author":1,"featured_media":989,"parent":0,"menu_order":0,"comment_status":"closed","ping_status":"closed","template":"","meta":{"footnotes":""},"class_list":["post-810","page","type-page","status-publish","has-post-thumbnail","hentry"],"yoast_head":"<!-- This site is optimized with the Yoast SEO plugin v26.7 - https:\/\/yoast.com\/wordpress\/plugins\/seo\/ -->\n<title>Jeunes - MBSMB<\/title>\n<meta name=\"description\" content=\"Nous offrons de nombreux cr\u00e9neaux pour les jeunes, pour une pratique loisirs, ou bien de comp\u00e9tition\" \/>\n<meta name=\"robots\" content=\"index, follow, max-snippet:-1, max-image-preview:large, max-video-preview:-1\" \/>\n<link rel=\"canonical\" href=\"https:\/\/www.mbsmb.fr\/site\/jeunes\/\" \/>\n<meta property=\"og:locale\" content=\"fr_FR\" \/>\n<meta property=\"og:type\" content=\"article\" \/>\n<meta property=\"og:title\" content=\"Jeunes - MBSMB\" \/>\n<meta property=\"og:description\" content=\"Nous offrons de nombreux cr\u00e9neaux pour les jeunes, pour une pratique loisirs, ou bien de comp\u00e9tition\" \/>\n<meta property=\"og:url\" content=\"https:\/\/www.mbsmb.fr\/site\/jeunes\/\" \/>\n<meta property=\"og:site_name\" content=\"MBSMB\" \/>\n<meta property=\"article:publisher\" content=\"https:\/\/www.facebook.com\/metzbansaintmartinbadminton\" \/>\n<meta property=\"article:modified_time\" content=\"2022-02-01T15:46:25+00:00\" \/>\n<meta property=\"og:image\" content=\"https:\/\/www.mbsmb.fr\/site\/wp-content\/uploads\/2018\/07\/MSQB-jeunes-2.jpg\" \/>\n\t<meta property=\"og:image:width\" content=\"960\" \/>\n\t<meta property=\"og:image:height\" content=\"720\" \/>\n\t<meta property=\"og:image:type\" content=\"image\/jpeg\" \/>\n<meta name=\"twitter:card\" content=\"summary_large_image\" \/>\n<meta name=\"twitter:label1\" content=\"Dur\u00e9e de lecture estim\u00e9e\" \/>\n\t<meta name=\"twitter:data1\" content=\"1 minute\" \/>\n<script type=\"application\/ld+json\" class=\"yoast-schema-graph\">{\"@context\":\"https:\/\/schema.org\",\"@graph\":[{\"@type\":\"WebPage\",\"@id\":\"https:\/\/www.mbsmb.fr\/site\/jeunes\/\",\"url\":\"https:\/\/www.mbsmb.fr\/site\/jeunes\/\",\"name\":\"Jeunes - MBSMB\",\"isPartOf\":{\"@id\":\"https:\/\/www.mbsmb.fr\/site\/#website\"},\"primaryImageOfPage\":{\"@id\":\"https:\/\/www.mbsmb.fr\/site\/jeunes\/#primaryimage\"},\"image\":{\"@id\":\"https:\/\/www.mbsmb.fr\/site\/jeunes\/#primaryimage\"},\"thumbnailUrl\":\"https:\/\/www.mbsmb.fr\/site\/wp-content\/uploads\/2018\/07\/MSQB-jeunes-2.jpg\",\"datePublished\":\"2017-10-23T09:09:43+00:00\",\"dateModified\":\"2022-02-01T15:46:25+00:00\",\"description\":\"Nous offrons de nombreux cr\u00e9neaux pour les jeunes, pour une pratique loisirs, ou bien de comp\u00e9tition\",\"breadcrumb\":{\"@id\":\"https:\/\/www.mbsmb.fr\/site\/jeunes\/#breadcrumb\"},\"inLanguage\":\"fr-FR\",\"potentialAction\":[{\"@type\":\"ReadAction\",\"target\":[\"https:\/\/www.mbsmb.fr\/site\/jeunes\/\"]}]},{\"@type\":\"ImageObject\",\"inLanguage\":\"fr-FR\",\"@id\":\"https:\/\/www.mbsmb.fr\/site\/jeunes\/#primaryimage\",\"url\":\"https:\/\/www.mbsmb.fr\/site\/wp-content\/uploads\/2018\/07\/MSQB-jeunes-2.jpg\",\"contentUrl\":\"https:\/\/www.mbsmb.fr\/site\/wp-content\/uploads\/2018\/07\/MSQB-jeunes-2.jpg\",\"width\":960,\"height\":720},{\"@type\":\"BreadcrumbList\",\"@id\":\"https:\/\/www.mbsmb.fr\/site\/jeunes\/#breadcrumb\",\"itemListElement\":[{\"@type\":\"ListItem\",\"position\":1,\"name\":\"Accueil\",\"item\":\"https:\/\/www.mbsmb.fr\/site\/\"},{\"@type\":\"ListItem\",\"position\":2,\"name\":\"Jeunes\"}]},{\"@type\":\"WebSite\",\"@id\":\"https:\/\/www.mbsmb.fr\/site\/#website\",\"url\":\"https:\/\/www.mbsmb.fr\/site\/\",\"name\":\"MSQB metz saint quentin badminton\",\"description\":\"Metz Ban Saint Martin Badminton\",\"publisher\":{\"@id\":\"https:\/\/www.mbsmb.fr\/site\/#organization\"},\"potentialAction\":[{\"@type\":\"SearchAction\",\"target\":{\"@type\":\"EntryPoint\",\"urlTemplate\":\"https:\/\/www.mbsmb.fr\/site\/?s={search_term_string}\"},\"query-input\":{\"@type\":\"PropertyValueSpecification\",\"valueRequired\":true,\"valueName\":\"search_term_string\"}}],\"inLanguage\":\"fr-FR\"},{\"@type\":\"Organization\",\"@id\":\"https:\/\/www.mbsmb.fr\/site\/#organization\",\"name\":\"msqb\",\"url\":\"https:\/\/www.mbsmb.fr\/site\/\",\"logo\":{\"@type\":\"ImageObject\",\"inLanguage\":\"fr-FR\",\"@id\":\"https:\/\/www.mbsmb.fr\/site\/#\/schema\/logo\/image\/\",\"url\":\"http:\/\/www.msqb.fr\/site\/wp-content\/uploads\/2015\/12\/msqb_logo1.png\",\"contentUrl\":\"http:\/\/www.msqb.fr\/site\/wp-content\/uploads\/2015\/12\/msqb_logo1.png\",\"width\":996,\"height\":996,\"caption\":\"msqb\"},\"image\":{\"@id\":\"https:\/\/www.mbsmb.fr\/site\/#\/schema\/logo\/image\/\"},\"sameAs\":[\"https:\/\/www.facebook.com\/metzbansaintmartinbadminton\"]}]}<\/script>\n<!-- \/ Yoast SEO plugin. -->","yoast_head_json":{"title":"Jeunes - MBSMB","description":"Nous offrons de nombreux cr\u00e9neaux pour les jeunes, pour une pratique loisirs, ou bien de comp\u00e9tition","robots":{"index":"index","follow":"follow","max-snippet":"max-snippet:-1","max-image-preview":"max-image-preview:large","max-video-preview":"max-video-preview:-1"},"canonical":"https:\/\/www.mbsmb.fr\/site\/jeunes\/","og_locale":"fr_FR","og_type":"article","og_title":"Jeunes - MBSMB","og_description":"Nous offrons de nombreux cr\u00e9neaux pour les jeunes, pour une pratique loisirs, ou bien de comp\u00e9tition","og_url":"https:\/\/www.mbsmb.fr\/site\/jeunes\/","og_site_name":"MBSMB","article_publisher":"https:\/\/www.facebook.com\/metzbansaintmartinbadminton","article_modified_time":"2022-02-01T15:46:25+00:00","og_image":[{"width":960,"height":720,"url":"https:\/\/www.mbsmb.fr\/site\/wp-content\/uploads\/2018\/07\/MSQB-jeunes-2.jpg","type":"image\/jpeg"}],"twitter_card":"summary_large_image","twitter_misc":{"Dur\u00e9e de lecture estim\u00e9e":"1 minute"},"schema":{"@context":"https:\/\/schema.org","@graph":[{"@type":"WebPage","@id":"https:\/\/www.mbsmb.fr\/site\/jeunes\/","url":"https:\/\/www.mbsmb.fr\/site\/jeunes\/","name":"Jeunes - MBSMB","isPartOf":{"@id":"https:\/\/www.mbsmb.fr\/site\/#website"},"primaryImageOfPage":{"@id":"https:\/\/www.mbsmb.fr\/site\/jeunes\/#primaryimage"},"image":{"@id":"https:\/\/www.mbsmb.fr\/site\/jeunes\/#primaryimage"},"thumbnailUrl":"https:\/\/www.mbsmb.fr\/site\/wp-content\/uploads\/2018\/07\/MSQB-jeunes-2.jpg","datePublished":"2017-10-23T09:09:43+00:00","dateModified":"2022-02-01T15:46:25+00:00","description":"Nous offrons de nombreux cr\u00e9neaux pour les jeunes, pour une pratique loisirs, ou bien de comp\u00e9tition","breadcrumb":{"@id":"https:\/\/www.mbsmb.fr\/site\/jeunes\/#breadcrumb"},"inLanguage":"fr-FR","potentialAction":[{"@type":"ReadAction","target":["https:\/\/www.mbsmb.fr\/site\/jeunes\/"]}]},{"@type":"ImageObject","inLanguage":"fr-FR","@id":"https:\/\/www.mbsmb.fr\/site\/jeunes\/#primaryimage","url":"https:\/\/www.mbsmb.fr\/site\/wp-content\/uploads\/2018\/07\/MSQB-jeunes-2.jpg","contentUrl":"https:\/\/www.mbsmb.fr\/site\/wp-content\/uploads\/2018\/07\/MSQB-jeunes-2.jpg","width":960,"height":720},{"@type":"BreadcrumbList","@id":"https:\/\/www.mbsmb.fr\/site\/jeunes\/#breadcrumb","itemListElement":[{"@type":"ListItem","position":1,"name":"Accueil","item":"https:\/\/www.mbsmb.fr\/site\/"},{"@type":"ListItem","position":2,"name":"Jeunes"}]},{"@type":"WebSite","@id":"https:\/\/www.mbsmb.fr\/site\/#website","url":"https:\/\/www.mbsmb.fr\/site\/","name":"MSQB metz saint quentin badminton","description":"Metz Ban Saint Martin Badminton","publisher":{"@id":"https:\/\/www.mbsmb.fr\/site\/#organization"},"potentialAction":[{"@type":"SearchAction","target":{"@type":"EntryPoint","urlTemplate":"https:\/\/www.mbsmb.fr\/site\/?s={search_term_string}"},"query-input":{"@type":"PropertyValueSpecification","valueRequired":true,"valueName":"search_term_string"}}],"inLanguage":"fr-FR"},{"@type":"Organization","@id":"https:\/\/www.mbsmb.fr\/site\/#organization","name":"msqb","url":"https:\/\/www.mbsmb.fr\/site\/","logo":{"@type":"ImageObject","inLanguage":"fr-FR","@id":"https:\/\/www.mbsmb.fr\/site\/#\/schema\/logo\/image\/","url":"http:\/\/www.msqb.fr\/site\/wp-content\/uploads\/2015\/12\/msqb_logo1.png","contentUrl":"http:\/\/www.msqb.fr\/site\/wp-content\/uploads\/2015\/12\/msqb_logo1.png","width":996,"height":996,"caption":"msqb"},"image":{"@id":"https:\/\/www.mbsmb.fr\/site\/#\/schema\/logo\/image\/"},"sameAs":["https:\/\/www.facebook.com\/metzbansaintmartinbadminton"]}]}},"_links":{"self":[{"href":"https:\/\/www.mbsmb.fr\/site\/wp-json\/wp\/v2\/pages\/810","targetHints":{"allow":["GET"]}}],"collection":[{"href":"https:\/\/www.mbsmb.fr\/site\/wp-json\/wp\/v2\/pages"}],"about":[{"href":"https:\/\/www.mbsmb.fr\/site\/wp-json\/wp\/v2\/types\/page"}],"author":[{"embeddable":true,"href":"https:\/\/www.mbsmb.fr\/site\/wp-json\/wp\/v2\/users\/1"}],"replies":[{"embeddable":true,"href":"https:\/\/www.mbsmb.fr\/site\/wp-json\/wp\/v2\/comments?post=810"}],"version-history":[{"count":6,"href":"https:\/\/www.mbsmb.fr\/site\/wp-json\/wp\/v2\/pages\/810\/revisions"}],"predecessor-version":[{"id":2232,"href":"https:\/\/www.mbsmb.fr\/site\/wp-json\/wp\/v2\/pages\/810\/revisions\/2232"}],"wp:featuredmedia":[{"embeddable":true,"href":"https:\/\/www.mbsmb.fr\/site\/wp-json\/wp\/v2\/media\/989"}],"wp:attachment":[{"href":"https:\/\/www.mbsmb.fr\/site\/wp-json\/wp\/v2\/media?parent=810"}],"curies":[{"name":"wp","href":"https:\/\/api.w.org\/{rel}","templated":true}]}}