{"id":34,"date":"2015-12-18T14:00:16","date_gmt":"2015-12-18T13:00:16","guid":{"rendered":"http:\/\/www.msqb.fr\/site2\/?page_id=34"},"modified":"2025-09-17T17:30:26","modified_gmt":"2025-09-17T16:30:26","slug":"horaires","status":"publish","type":"page","link":"https:\/\/www.mbsmb.fr\/site\/le-club\/horaires\/","title":{"rendered":"Horaires 2025 &#8211; Juin 2026"},"content":{"rendered":"<p><strong>Les cr\u00e9neaux ci-dessous sont valables du lundi 1er septembre 2025 \u00e0 fin juin 2026 (ajustement pendant les vacances scolaires)<\/strong><\/p>\n<h5 style=\"text-align: center;\">Cr\u00e9neaux 2025-2026<\/h5>\n<p><img loading=\"lazy\" decoding=\"async\" class=\"alignnone size-full wp-image-3254\" src=\"https:\/\/www.mbsmb.fr\/site\/wp-content\/uploads\/2025\/09\/SiteMBSMB-14-scaled.jpg\" alt=\"\" width=\"2560\" height=\"2128\" srcset=\"https:\/\/www.mbsmb.fr\/site\/wp-content\/uploads\/2025\/09\/SiteMBSMB-14-scaled.jpg 2560w, https:\/\/www.mbsmb.fr\/site\/wp-content\/uploads\/2025\/09\/SiteMBSMB-14-300x249.jpg 300w, https:\/\/www.mbsmb.fr\/site\/wp-content\/uploads\/2025\/09\/SiteMBSMB-14-1024x851.jpg 1024w, https:\/\/www.mbsmb.fr\/site\/wp-content\/uploads\/2025\/09\/SiteMBSMB-14-768x638.jpg 768w, https:\/\/www.mbsmb.fr\/site\/wp-content\/uploads\/2025\/09\/SiteMBSMB-14-1536x1277.jpg 1536w, https:\/\/www.mbsmb.fr\/site\/wp-content\/uploads\/2025\/09\/SiteMBSMB-14-2048x1702.jpg 2048w, https:\/\/www.mbsmb.fr\/site\/wp-content\/uploads\/2025\/09\/SiteMBSMB-14-1440x1197.jpg 1440w, https:\/\/www.mbsmb.fr\/site\/wp-content\/uploads\/2025\/09\/SiteMBSMB-14-480x400.jpg 480w\" sizes=\"auto, (max-width: 2560px) 100vw, 2560px\" \/><\/p>\n<p>&nbsp;<\/p>\n<p><strong><span style=\"color: #ff0000;\">Tous les cr\u00e9neaux adultes se font sur inscription sur l&rsquo;application du club :<\/span> <a href=\"https:\/\/mbsmb.fr\/creneaux\/\">Cr\u00e9neaux<\/a> <span style=\"color: #ff0000;\">&#8211; Indiquer : NOM + PRENOM<\/span><\/strong><\/p>\n<p><strong><span style=\"color: #ff0000;\">Attention ! Tous les cr\u00e9neaux de jeu libre sont soumis \u00e0 un ouvreur &#8211; Bien v\u00e9rifier que le cr\u00e9neau est vert avant de vous d\u00e9placer<\/span><\/strong><\/p>\n<p>A NOTER:<br \/>\n* Le public jeunes sera orient\u00e9 (vers un ou plusieurs cr\u00e9neaux) par les responsables de section: Florent Thibot et Daniel Felix.<br \/>\n* <strong>Age<\/strong> : l\u2019\u00e2ge ne sera pas toujours un facteur d\u00e9terminant: c\u2019est avant tout la motricit\u00e9, maturit\u00e9, son niveau sportif et sa motivation qui comptera dans son orientation vers tel ou tel cr\u00e9neau.<\/p>\n<p>Les gymnases du Ban Saint Martin et de Metz <strong>peuvent<\/strong> \u00eatre ouverts l\u2019\u00e9t\u00e9 (selon la volont\u00e9 des Mairies) mais l\u2019ouverture des cr\u00e9neaux reste d\u00e9pendante de la disponibilit\u00e9 des b\u00e9n\u00e9voles. Ainsi votre cotisation vous garantit (sauf \u00e9v\u00e8nement exceptionnel) uniquement des cr\u00e9neaux de septembre \u00e0 juin. Et si le club en est capable, jusqu\u2019\u00e0 fin aout.<\/p>\n<!-- AddThis Advanced Settings generic via filter on the_content --><!-- AddThis Share Buttons generic via filter on the_content -->","protected":false},"excerpt":{"rendered":"<p>Les cr\u00e9neaux ci-dessous sont valables du lundi 1er septembre 2025 \u00e0 fin juin 2026 (ajustement pendant les vacances scolaires) Cr\u00e9neaux 2025-2026 &nbsp; Tous les cr\u00e9neaux adultes se font sur inscription sur l&rsquo;application du club : Cr\u00e9neaux &#8211; Indiquer : NOM + PRENOM Attention ! Tous les cr\u00e9neaux de jeu libre &hellip;<!-- AddThis Advanced Settings generic via filter on get_the_excerpt --><!-- AddThis Share Buttons generic via filter on get_the_excerpt --><\/p>\n","protected":false},"author":1,"featured_media":0,"parent":27,"menu_order":3,"comment_status":"closed","ping_status":"closed","template":"","meta":{"footnotes":""},"class_list":["post-34","page","type-page","status-publish","hentry"],"yoast_head":"<!-- This site is optimized with the Yoast SEO plugin v26.7 - https:\/\/yoast.com\/wordpress\/plugins\/seo\/ -->\n<title>Horaires 2025 - Juin 2026 - MBSMB<\/title>\n<meta name=\"description\" content=\"horaires MBSMB\" \/>\n<meta name=\"robots\" content=\"index, follow, max-snippet:-1, max-image-preview:large, max-video-preview:-1\" \/>\n<link rel=\"canonical\" href=\"https:\/\/www.mbsmb.fr\/site\/le-club\/horaires\/\" \/>\n<meta property=\"og:locale\" content=\"fr_FR\" \/>\n<meta property=\"og:type\" content=\"article\" \/>\n<meta property=\"og:title\" content=\"Horaires 2025 - Juin 2026 - MBSMB\" \/>\n<meta property=\"og:description\" content=\"horaires MBSMB\" \/>\n<meta property=\"og:url\" content=\"https:\/\/www.mbsmb.fr\/site\/le-club\/horaires\/\" \/>\n<meta property=\"og:site_name\" content=\"MBSMB\" \/>\n<meta property=\"article:publisher\" content=\"https:\/\/www.facebook.com\/metzbansaintmartinbadminton\" \/>\n<meta property=\"article:modified_time\" content=\"2025-09-17T16:30:26+00:00\" \/>\n<meta property=\"og:image\" content=\"https:\/\/www.mbsmb.fr\/site\/wp-content\/uploads\/2025\/09\/SiteMBSMB-14-scaled.jpg\" \/>\n\t<meta property=\"og:image:width\" content=\"2560\" \/>\n\t<meta property=\"og:image:height\" content=\"2128\" \/>\n\t<meta property=\"og:image:type\" content=\"image\/jpeg\" \/>\n<meta name=\"twitter:card\" content=\"summary_large_image\" \/>\n<meta name=\"twitter:label1\" content=\"Dur\u00e9e de lecture estim\u00e9e\" \/>\n\t<meta name=\"twitter:data1\" content=\"2 minutes\" \/>\n<script type=\"application\/ld+json\" class=\"yoast-schema-graph\">{\"@context\":\"https:\/\/schema.org\",\"@graph\":[{\"@type\":\"WebPage\",\"@id\":\"https:\/\/www.mbsmb.fr\/site\/le-club\/horaires\/\",\"url\":\"https:\/\/www.mbsmb.fr\/site\/le-club\/horaires\/\",\"name\":\"Horaires 2025 - Juin 2026 - MBSMB\",\"isPartOf\":{\"@id\":\"https:\/\/www.mbsmb.fr\/site\/#website\"},\"primaryImageOfPage\":{\"@id\":\"https:\/\/www.mbsmb.fr\/site\/le-club\/horaires\/#primaryimage\"},\"image\":{\"@id\":\"https:\/\/www.mbsmb.fr\/site\/le-club\/horaires\/#primaryimage\"},\"thumbnailUrl\":\"https:\/\/www.mbsmb.fr\/site\/wp-content\/uploads\/2025\/09\/SiteMBSMB-14-scaled.jpg\",\"datePublished\":\"2015-12-18T13:00:16+00:00\",\"dateModified\":\"2025-09-17T16:30:26+00:00\",\"description\":\"horaires MBSMB\",\"breadcrumb\":{\"@id\":\"https:\/\/www.mbsmb.fr\/site\/le-club\/horaires\/#breadcrumb\"},\"inLanguage\":\"fr-FR\",\"potentialAction\":[{\"@type\":\"ReadAction\",\"target\":[\"https:\/\/www.mbsmb.fr\/site\/le-club\/horaires\/\"]}]},{\"@type\":\"ImageObject\",\"inLanguage\":\"fr-FR\",\"@id\":\"https:\/\/www.mbsmb.fr\/site\/le-club\/horaires\/#primaryimage\",\"url\":\"https:\/\/www.mbsmb.fr\/site\/wp-content\/uploads\/2025\/09\/SiteMBSMB-14-scaled.jpg\",\"contentUrl\":\"https:\/\/www.mbsmb.fr\/site\/wp-content\/uploads\/2025\/09\/SiteMBSMB-14-scaled.jpg\",\"width\":2560,\"height\":2128},{\"@type\":\"BreadcrumbList\",\"@id\":\"https:\/\/www.mbsmb.fr\/site\/le-club\/horaires\/#breadcrumb\",\"itemListElement\":[{\"@type\":\"ListItem\",\"position\":1,\"name\":\"Accueil\",\"item\":\"https:\/\/www.mbsmb.fr\/site\/\"},{\"@type\":\"ListItem\",\"position\":2,\"name\":\"Le club\",\"item\":\"https:\/\/www.mbsmb.fr\/site\/le-club\/\"},{\"@type\":\"ListItem\",\"position\":3,\"name\":\"Horaires 2025 &#8211; Juin 2026\"}]},{\"@type\":\"WebSite\",\"@id\":\"https:\/\/www.mbsmb.fr\/site\/#website\",\"url\":\"https:\/\/www.mbsmb.fr\/site\/\",\"name\":\"MSQB metz saint quentin badminton\",\"description\":\"Metz Ban Saint Martin Badminton\",\"publisher\":{\"@id\":\"https:\/\/www.mbsmb.fr\/site\/#organization\"},\"potentialAction\":[{\"@type\":\"SearchAction\",\"target\":{\"@type\":\"EntryPoint\",\"urlTemplate\":\"https:\/\/www.mbsmb.fr\/site\/?s={search_term_string}\"},\"query-input\":{\"@type\":\"PropertyValueSpecification\",\"valueRequired\":true,\"valueName\":\"search_term_string\"}}],\"inLanguage\":\"fr-FR\"},{\"@type\":\"Organization\",\"@id\":\"https:\/\/www.mbsmb.fr\/site\/#organization\",\"name\":\"msqb\",\"url\":\"https:\/\/www.mbsmb.fr\/site\/\",\"logo\":{\"@type\":\"ImageObject\",\"inLanguage\":\"fr-FR\",\"@id\":\"https:\/\/www.mbsmb.fr\/site\/#\/schema\/logo\/image\/\",\"url\":\"http:\/\/www.msqb.fr\/site\/wp-content\/uploads\/2015\/12\/msqb_logo1.png\",\"contentUrl\":\"http:\/\/www.msqb.fr\/site\/wp-content\/uploads\/2015\/12\/msqb_logo1.png\",\"width\":996,\"height\":996,\"caption\":\"msqb\"},\"image\":{\"@id\":\"https:\/\/www.mbsmb.fr\/site\/#\/schema\/logo\/image\/\"},\"sameAs\":[\"https:\/\/www.facebook.com\/metzbansaintmartinbadminton\"]}]}<\/script>\n<!-- \/ Yoast SEO plugin. -->","yoast_head_json":{"title":"Horaires 2025 - Juin 2026 - MBSMB","description":"horaires MBSMB","robots":{"index":"index","follow":"follow","max-snippet":"max-snippet:-1","max-image-preview":"max-image-preview:large","max-video-preview":"max-video-preview:-1"},"canonical":"https:\/\/www.mbsmb.fr\/site\/le-club\/horaires\/","og_locale":"fr_FR","og_type":"article","og_title":"Horaires 2025 - Juin 2026 - MBSMB","og_description":"horaires MBSMB","og_url":"https:\/\/www.mbsmb.fr\/site\/le-club\/horaires\/","og_site_name":"MBSMB","article_publisher":"https:\/\/www.facebook.com\/metzbansaintmartinbadminton","article_modified_time":"2025-09-17T16:30:26+00:00","og_image":[{"width":2560,"height":2128,"url":"https:\/\/www.mbsmb.fr\/site\/wp-content\/uploads\/2025\/09\/SiteMBSMB-14-scaled.jpg","type":"image\/jpeg"}],"twitter_card":"summary_large_image","twitter_misc":{"Dur\u00e9e de lecture estim\u00e9e":"2 minutes"},"schema":{"@context":"https:\/\/schema.org","@graph":[{"@type":"WebPage","@id":"https:\/\/www.mbsmb.fr\/site\/le-club\/horaires\/","url":"https:\/\/www.mbsmb.fr\/site\/le-club\/horaires\/","name":"Horaires 2025 - Juin 2026 - MBSMB","isPartOf":{"@id":"https:\/\/www.mbsmb.fr\/site\/#website"},"primaryImageOfPage":{"@id":"https:\/\/www.mbsmb.fr\/site\/le-club\/horaires\/#primaryimage"},"image":{"@id":"https:\/\/www.mbsmb.fr\/site\/le-club\/horaires\/#primaryimage"},"thumbnailUrl":"https:\/\/www.mbsmb.fr\/site\/wp-content\/uploads\/2025\/09\/SiteMBSMB-14-scaled.jpg","datePublished":"2015-12-18T13:00:16+00:00","dateModified":"2025-09-17T16:30:26+00:00","description":"horaires MBSMB","breadcrumb":{"@id":"https:\/\/www.mbsmb.fr\/site\/le-club\/horaires\/#breadcrumb"},"inLanguage":"fr-FR","potentialAction":[{"@type":"ReadAction","target":["https:\/\/www.mbsmb.fr\/site\/le-club\/horaires\/"]}]},{"@type":"ImageObject","inLanguage":"fr-FR","@id":"https:\/\/www.mbsmb.fr\/site\/le-club\/horaires\/#primaryimage","url":"https:\/\/www.mbsmb.fr\/site\/wp-content\/uploads\/2025\/09\/SiteMBSMB-14-scaled.jpg","contentUrl":"https:\/\/www.mbsmb.fr\/site\/wp-content\/uploads\/2025\/09\/SiteMBSMB-14-scaled.jpg","width":2560,"height":2128},{"@type":"BreadcrumbList","@id":"https:\/\/www.mbsmb.fr\/site\/le-club\/horaires\/#breadcrumb","itemListElement":[{"@type":"ListItem","position":1,"name":"Accueil","item":"https:\/\/www.mbsmb.fr\/site\/"},{"@type":"ListItem","position":2,"name":"Le club","item":"https:\/\/www.mbsmb.fr\/site\/le-club\/"},{"@type":"ListItem","position":3,"name":"Horaires 2025 &#8211; Juin 2026"}]},{"@type":"WebSite","@id":"https:\/\/www.mbsmb.fr\/site\/#website","url":"https:\/\/www.mbsmb.fr\/site\/","name":"MSQB metz saint quentin badminton","description":"Metz Ban Saint Martin Badminton","publisher":{"@id":"https:\/\/www.mbsmb.fr\/site\/#organization"},"potentialAction":[{"@type":"SearchAction","target":{"@type":"EntryPoint","urlTemplate":"https:\/\/www.mbsmb.fr\/site\/?s={search_term_string}"},"query-input":{"@type":"PropertyValueSpecification","valueRequired":true,"valueName":"search_term_string"}}],"inLanguage":"fr-FR"},{"@type":"Organization","@id":"https:\/\/www.mbsmb.fr\/site\/#organization","name":"msqb","url":"https:\/\/www.mbsmb.fr\/site\/","logo":{"@type":"ImageObject","inLanguage":"fr-FR","@id":"https:\/\/www.mbsmb.fr\/site\/#\/schema\/logo\/image\/","url":"http:\/\/www.msqb.fr\/site\/wp-content\/uploads\/2015\/12\/msqb_logo1.png","contentUrl":"http:\/\/www.msqb.fr\/site\/wp-content\/uploads\/2015\/12\/msqb_logo1.png","width":996,"height":996,"caption":"msqb"},"image":{"@id":"https:\/\/www.mbsmb.fr\/site\/#\/schema\/logo\/image\/"},"sameAs":["https:\/\/www.facebook.com\/metzbansaintmartinbadminton"]}]}},"_links":{"self":[{"href":"https:\/\/www.mbsmb.fr\/site\/wp-json\/wp\/v2\/pages\/34","targetHints":{"allow":["GET"]}}],"collection":[{"href":"https:\/\/www.mbsmb.fr\/site\/wp-json\/wp\/v2\/pages"}],"about":[{"href":"https:\/\/www.mbsmb.fr\/site\/wp-json\/wp\/v2\/types\/page"}],"author":[{"embeddable":true,"href":"https:\/\/www.mbsmb.fr\/site\/wp-json\/wp\/v2\/users\/1"}],"replies":[{"embeddable":true,"href":"https:\/\/www.mbsmb.fr\/site\/wp-json\/wp\/v2\/comments?post=34"}],"version-history":[{"count":129,"href":"https:\/\/www.mbsmb.fr\/site\/wp-json\/wp\/v2\/pages\/34\/revisions"}],"predecessor-version":[{"id":3255,"href":"https:\/\/www.mbsmb.fr\/site\/wp-json\/wp\/v2\/pages\/34\/revisions\/3255"}],"up":[{"embeddable":true,"href":"https:\/\/www.mbsmb.fr\/site\/wp-json\/wp\/v2\/pages\/27"}],"wp:attachment":[{"href":"https:\/\/www.mbsmb.fr\/site\/wp-json\/wp\/v2\/media?parent=34"}],"curies":[{"name":"wp","href":"https:\/\/api.w.org\/{rel}","templated":true}]}}