{"id":1931,"date":"2022-01-17T20:43:10","date_gmt":"2022-01-17T19:43:10","guid":{"rendered":"https:\/\/www.mbsmb.fr\/site\/?page_id=1931"},"modified":"2025-09-08T08:20:55","modified_gmt":"2025-09-08T07:20:55","slug":"calendrier-jeunes","status":"publish","type":"page","link":"https:\/\/www.mbsmb.fr\/site\/jeunes\/calendrier-jeunes\/","title":{"rendered":"Calendrier comp\u00e9titions"},"content":{"rendered":"<h2 style=\"text-align: center;\"><strong>Saison 2025-2026<\/strong><\/h2>\n<h4 style=\"text-align: left;\"><strong>Circuits Jeunes<\/strong><\/h4>\n<p><img loading=\"lazy\" decoding=\"async\" class=\"wp-image-3103 aligncenter\" src=\"https:\/\/www.mbsmb.fr\/site\/wp-content\/uploads\/2025\/07\/CircuitJeunes-1024x691.jpg\" alt=\"\" width=\"750\" height=\"506\" srcset=\"https:\/\/www.mbsmb.fr\/site\/wp-content\/uploads\/2025\/07\/CircuitJeunes-1024x691.jpg 1024w, https:\/\/www.mbsmb.fr\/site\/wp-content\/uploads\/2025\/07\/CircuitJeunes-300x202.jpg 300w, https:\/\/www.mbsmb.fr\/site\/wp-content\/uploads\/2025\/07\/CircuitJeunes-768x518.jpg 768w, https:\/\/www.mbsmb.fr\/site\/wp-content\/uploads\/2025\/07\/CircuitJeunes-1536x1037.jpg 1536w, https:\/\/www.mbsmb.fr\/site\/wp-content\/uploads\/2025\/07\/CircuitJeunes-2048x1382.jpg 2048w, https:\/\/www.mbsmb.fr\/site\/wp-content\/uploads\/2025\/07\/CircuitJeunes-1440x972.jpg 1440w\" sizes=\"auto, (max-width: 750px) 100vw, 750px\" \/><\/p>\n<h4 style=\"text-align: left;\"><strong>Les championnats<\/strong><\/h4>\n<p><img loading=\"lazy\" decoding=\"async\" class=\"wp-image-3102 aligncenter\" src=\"https:\/\/www.mbsmb.fr\/site\/wp-content\/uploads\/2025\/07\/Championnats-1024x295.jpg\" alt=\"\" width=\"750\" height=\"216\" srcset=\"https:\/\/www.mbsmb.fr\/site\/wp-content\/uploads\/2025\/07\/Championnats-1024x295.jpg 1024w, https:\/\/www.mbsmb.fr\/site\/wp-content\/uploads\/2025\/07\/Championnats-300x86.jpg 300w, https:\/\/www.mbsmb.fr\/site\/wp-content\/uploads\/2025\/07\/Championnats-768x221.jpg 768w, https:\/\/www.mbsmb.fr\/site\/wp-content\/uploads\/2025\/07\/Championnats-1536x442.jpg 1536w, https:\/\/www.mbsmb.fr\/site\/wp-content\/uploads\/2025\/07\/Championnats-2048x590.jpg 2048w, https:\/\/www.mbsmb.fr\/site\/wp-content\/uploads\/2025\/07\/Championnats-1440x415.jpg 1440w\" sizes=\"auto, (max-width: 750px) 100vw, 750px\" \/><\/p>\n<h4 style=\"text-align: left;\"><strong>En \u00e9quipe<\/strong><\/h4>\n<p><img loading=\"lazy\" decoding=\"async\" class=\"wp-image-3104 aligncenter\" src=\"https:\/\/www.mbsmb.fr\/site\/wp-content\/uploads\/2025\/07\/Equipe-1024x157.jpg\" alt=\"\" width=\"751\" height=\"115\" srcset=\"https:\/\/www.mbsmb.fr\/site\/wp-content\/uploads\/2025\/07\/Equipe-1024x157.jpg 1024w, https:\/\/www.mbsmb.fr\/site\/wp-content\/uploads\/2025\/07\/Equipe-300x46.jpg 300w, https:\/\/www.mbsmb.fr\/site\/wp-content\/uploads\/2025\/07\/Equipe-768x118.jpg 768w, https:\/\/www.mbsmb.fr\/site\/wp-content\/uploads\/2025\/07\/Equipe-1536x236.jpg 1536w, https:\/\/www.mbsmb.fr\/site\/wp-content\/uploads\/2025\/07\/Equipe-2048x314.jpg 2048w, https:\/\/www.mbsmb.fr\/site\/wp-content\/uploads\/2025\/07\/Equipe-1440x221.jpg 1440w\" sizes=\"auto, (max-width: 751px) 100vw, 751px\" \/><\/p>\n<h4 style=\"text-align: left;\"><strong>Troph\u00e9e R\u00e9gional Jeunes<\/strong><\/h4>\n<p><img loading=\"lazy\" decoding=\"async\" class=\"wp-image-3107 aligncenter\" src=\"https:\/\/www.mbsmb.fr\/site\/wp-content\/uploads\/2025\/07\/TRJ-1024x311.jpg\" alt=\"\" width=\"749\" height=\"227\" srcset=\"https:\/\/www.mbsmb.fr\/site\/wp-content\/uploads\/2025\/07\/TRJ-1024x311.jpg 1024w, https:\/\/www.mbsmb.fr\/site\/wp-content\/uploads\/2025\/07\/TRJ-300x91.jpg 300w, https:\/\/www.mbsmb.fr\/site\/wp-content\/uploads\/2025\/07\/TRJ-768x233.jpg 768w, https:\/\/www.mbsmb.fr\/site\/wp-content\/uploads\/2025\/07\/TRJ-1536x466.jpg 1536w, https:\/\/www.mbsmb.fr\/site\/wp-content\/uploads\/2025\/07\/TRJ-2048x621.jpg 2048w, https:\/\/www.mbsmb.fr\/site\/wp-content\/uploads\/2025\/07\/TRJ-1440x437.jpg 1440w\" sizes=\"auto, (max-width: 749px) 100vw, 749px\" \/><\/p>\n<p>&#8211; L&rsquo;\u00c9tape 1 se jouera \u00e0 Wittelsheim.<\/p>\n<h4 style=\"text-align: left;\"><strong>Circuits \u00c9lites Jeunes<\/strong><\/h4>\n<p><img loading=\"lazy\" decoding=\"async\" class=\"wp-image-3101 aligncenter\" src=\"https:\/\/www.mbsmb.fr\/site\/wp-content\/uploads\/2025\/07\/CEJ-1024x448.jpg\" alt=\"\" width=\"750\" height=\"328\" srcset=\"https:\/\/www.mbsmb.fr\/site\/wp-content\/uploads\/2025\/07\/CEJ-1024x448.jpg 1024w, https:\/\/www.mbsmb.fr\/site\/wp-content\/uploads\/2025\/07\/CEJ-300x131.jpg 300w, https:\/\/www.mbsmb.fr\/site\/wp-content\/uploads\/2025\/07\/CEJ-768x336.jpg 768w, https:\/\/www.mbsmb.fr\/site\/wp-content\/uploads\/2025\/07\/CEJ-1536x673.jpg 1536w, https:\/\/www.mbsmb.fr\/site\/wp-content\/uploads\/2025\/07\/CEJ-2048x897.jpg 2048w, https:\/\/www.mbsmb.fr\/site\/wp-content\/uploads\/2025\/07\/CEJ-1440x631.jpg 1440w\" sizes=\"auto, (max-width: 750px) 100vw, 750px\" \/><\/p>\n<h4 style=\"text-align: left;\"><strong>Les tournois internationaux<\/strong><\/h4>\n<p><img loading=\"lazy\" decoding=\"async\" class=\"wp-image-3106 aligncenter\" src=\"https:\/\/www.mbsmb.fr\/site\/wp-content\/uploads\/2025\/07\/TournoiInternationaux-1024x334.jpg\" alt=\"\" width=\"749\" height=\"244\" srcset=\"https:\/\/www.mbsmb.fr\/site\/wp-content\/uploads\/2025\/07\/TournoiInternationaux-1024x334.jpg 1024w, https:\/\/www.mbsmb.fr\/site\/wp-content\/uploads\/2025\/07\/TournoiInternationaux-300x98.jpg 300w, https:\/\/www.mbsmb.fr\/site\/wp-content\/uploads\/2025\/07\/TournoiInternationaux-768x251.jpg 768w, https:\/\/www.mbsmb.fr\/site\/wp-content\/uploads\/2025\/07\/TournoiInternationaux-1536x501.jpg 1536w, https:\/\/www.mbsmb.fr\/site\/wp-content\/uploads\/2025\/07\/TournoiInternationaux-2048x669.jpg 2048w, https:\/\/www.mbsmb.fr\/site\/wp-content\/uploads\/2025\/07\/TournoiInternationaux-1440x470.jpg 1440w\" sizes=\"auto, (max-width: 749px) 100vw, 749px\" \/><\/p>\n<p>&nbsp;<\/p>\n<p>&nbsp;<\/p>\n<h4><strong>Les diff\u00e9rentes comp\u00e9titions expliqu\u00e9es<\/strong><\/h4>\n<h5><\/h5>\n<h5><span style=\"text-indent: 0em;\"><u>Le Circuit Jeunes<\/u><\/span><\/h5>\n<p>Le Circuit Jeunes est la formule la plus adapt\u00e9e aux jeunes qui veulent aborder pour la premi\u00e8re fois la comp\u00e9tition au Badminton. Tout le monde peut y participer, m\u00eame les moins exp\u00e9riment\u00e9s. Elle se d\u00e9roule sur 7 \u00e9tapes (5 de Simple et 2 de double) localis\u00e9es dans la Moselle. Les joueurs sont r\u00e9partis en poules de cat\u00e9gorie d\u2019\u00e2ge et de niveau qui s\u2019actualisent en fonction des r\u00e9sultats des pr\u00e9c\u00e9dentes journ\u00e9es. Ainsi chacun peut prendre plaisir \u00e0 jouer \u00e0 son niveau de jeu. Chaque joueur fait 2 ou 3 matchs et se doit de scorer 1 ou 2 matchs de sa poule. Une \u00e9tape s\u2019\u00e9tale donc sur 3 \u00e0 4h . Les meilleurs au classement des 7 \u00e9tapes sont invit\u00e9s \u00e0 une phase finale. Les entraineurs b\u00e9n\u00e9voles des clubs respectifs coachent les joueurs lors de ces journ\u00e9es.<\/p>\n<h5><u>Le Troph\u00e9e R\u00e9gional Jeunes<\/u><\/h5>\n<p>Les meilleurs joueurs des cat\u00e9gories poussins \u00e0 cadets, s&rsquo;affrontent sur un week-end en simple et en double. La comp\u00e9tition se joue sur un format de \u00ab\u00a0poule\u00a0\u00bb, avec 2 sortants par poule en simple.<br \/>\nLes s\u00e9ries poussin, benjamin et minime sont scind\u00e9es en 1\u00e8re et 2\u00e8me ann\u00e9e.<\/p>\n<h5><u>Le Top Elite R\u00e9gional<\/u><\/h5>\n<p>Le TER regroupent, sur s\u00e9lection (du CODEP 57 et de la LGEBaD), les 8 meilleurs joueurs du d\u00e9partement ou de la r\u00e9gion dans leur cat\u00e9gorie lors d\u2019une journ\u00e9e de comp\u00e9tition. La matin\u00e9e est g\u00e9n\u00e9ralement d\u00e9di\u00e9 au simple tandis que l\u2019apr\u00e8s midi est d\u00e9di\u00e9e au double. Le coaching est interdit.<\/p>\n<h5><u>Le Circuit \u00c9lite Jeunes<\/u><\/h5>\n<p>Le CEJ regroupe sur 6 \u00e9tapes les meilleurs Fran\u00e7ais poussins et benjamins par ann\u00e9e d\u2019\u00e2ge ainsi que les meilleurs minimes et cadets. Le circuit fait l\u2019objet d\u2019un classement par cumul de points sur la saison, pour chaque discipline et pour chaque cat\u00e9gorie. Cette comp\u00e9tition est un mode de qualification au Championnat de France pour la cat\u00e9gorie benjamin.<\/p>\n<h5><u>Les Interclubs jeunes<\/u><\/h5>\n<p>Ils opposent des \u00e9quipes de poussins, benjamins, minimes et cadets constitu\u00e9es d\u2019une s\u00e9lection de joueurs de chaque club.<\/p>\n<h5><u>Les Inter Comit\u00e9s R\u00e9gionaux<\/u><\/h5>\n<p>Comp\u00e9tition par \u00e9quipes de benjamins et minimes sur s\u00e9lection du comit\u00e9 d\u00e9partemental.<\/p>\n<h5><u>Le Championnat D\u00e9partemental<\/u><\/h5>\n<p>Ouvert \u00e0 tous, il a pour finalit\u00e9 l\u2019attribution du titre de Champion de Moselle en Simple, Double et Mixte. Ils propose deux niveaux par cat\u00e9gorie d\u2019\u00e2ge (Espoir et Honneur). La cat\u00e9gorie Honneur est qualificative pour les Championnats R\u00e9gionaux.<\/p>\n<h5><u>Le Championnat R\u00e9gional<\/u><\/h5>\n<p>Il regroupe les 9 champions d\u00e9partementaux de chaque tableau ainsi que les joueurs les mieux class\u00e9s de la r\u00e9gion jusqu\u2019\u00e0 parvenir \u00e0 16 qualifi\u00e9s par tableau de simple et 12 paires de doubles. En dehors des tableaux poussins, la comp\u00e9tition se joue en \u00e9limination directe. Le titre de champion du Grand-Est est qualificatif pour les Championnats de France Jeunes.<\/p>\n<h5><u>Le Championnat de France Jeunes<\/u><\/h5>\n<p>L\u2019\u00e9v\u00e8nement de la saison, il d\u00e9livre le titre de Champion de France dans les cat\u00e9gories benjamins \u00e0 juniors. La qualification aux Frances Jeunes r\u00e9pond aux crit\u00e8res suivants:<\/p>\n<p>Qualification directe: titre de champion r\u00e9gional (17 + 1 vice champions de la ligue d\u2019accueil)<\/p>\n<p>Qualification par le CEJ: 10 en simple (4 joueurs B1 et M1, 6 joueurs B2 et M2 ), 5 paires en double<\/p>\n<p>Qualification au CPPH: les mieux class\u00e9s jusqu\u2019\u00e0 parvenir \u00e0 44 qualifi\u00e9s en simple et 28 paires en double.<\/p>\n<h5><u>Le tournois internationaux<\/u><\/h5>\n<p>Sous s\u00e9lection du club, les joueurs participent \u00e0 des tournois internationaux et affrontent des joueurs d&rsquo;autres pays comme l&rsquo;Allemagne, le Danemark, les Pays-Bas, la Belgique, &#8230;<\/p>\n<!-- AddThis Advanced Settings generic via filter on the_content --><!-- AddThis Share Buttons generic via filter on the_content -->","protected":false},"excerpt":{"rendered":"<p>Saison 2025-2026 Circuits Jeunes Les championnats En \u00e9quipe Troph\u00e9e R\u00e9gional Jeunes &#8211; L&rsquo;\u00c9tape 1 se jouera \u00e0 Wittelsheim. Circuits \u00c9lites Jeunes Les tournois internationaux &nbsp; &nbsp; Les diff\u00e9rentes comp\u00e9titions expliqu\u00e9es Le Circuit Jeunes Le Circuit Jeunes est la formule la plus adapt\u00e9e aux jeunes qui veulent aborder pour la premi\u00e8re &hellip;<!-- AddThis Advanced Settings generic via filter on get_the_excerpt --><!-- AddThis Share Buttons generic via filter on get_the_excerpt --><\/p>\n","protected":false},"author":1,"featured_media":0,"parent":810,"menu_order":4,"comment_status":"closed","ping_status":"closed","template":"","meta":{"footnotes":""},"class_list":["post-1931","page","type-page","status-publish","hentry"],"yoast_head":"<!-- This site is optimized with the Yoast SEO plugin v26.7 - https:\/\/yoast.com\/wordpress\/plugins\/seo\/ -->\n<title>Calendrier comp\u00e9titions - MBSMB<\/title>\n<meta name=\"robots\" content=\"index, follow, max-snippet:-1, max-image-preview:large, max-video-preview:-1\" \/>\n<link rel=\"canonical\" href=\"https:\/\/www.mbsmb.fr\/site\/jeunes\/calendrier-jeunes\/\" \/>\n<meta property=\"og:locale\" content=\"fr_FR\" \/>\n<meta property=\"og:type\" content=\"article\" \/>\n<meta property=\"og:title\" content=\"Calendrier comp\u00e9titions - MBSMB\" \/>\n<meta property=\"og:description\" content=\"Saison 2025-2026 Circuits Jeunes Les championnats En \u00e9quipe Troph\u00e9e R\u00e9gional Jeunes &#8211; L&rsquo;\u00c9tape 1 se jouera \u00e0 Wittelsheim. Circuits \u00c9lites Jeunes Les tournois internationaux &nbsp; &nbsp; Les diff\u00e9rentes comp\u00e9titions expliqu\u00e9es Le Circuit Jeunes Le Circuit Jeunes est la formule la plus adapt\u00e9e aux jeunes qui veulent aborder pour la premi\u00e8re &hellip;\" \/>\n<meta property=\"og:url\" content=\"https:\/\/www.mbsmb.fr\/site\/jeunes\/calendrier-jeunes\/\" \/>\n<meta property=\"og:site_name\" content=\"MBSMB\" \/>\n<meta property=\"article:publisher\" content=\"https:\/\/www.facebook.com\/metzbansaintmartinbadminton\" \/>\n<meta property=\"article:modified_time\" content=\"2025-09-08T07:20:55+00:00\" \/>\n<meta property=\"og:image\" content=\"https:\/\/www.mbsmb.fr\/site\/wp-content\/uploads\/2025\/07\/CircuitJeunes.jpg\" \/>\n\t<meta property=\"og:image:width\" content=\"2334\" \/>\n\t<meta property=\"og:image:height\" content=\"1575\" \/>\n\t<meta property=\"og:image:type\" content=\"image\/jpeg\" \/>\n<meta name=\"twitter:card\" content=\"summary_large_image\" \/>\n<meta name=\"twitter:label1\" content=\"Dur\u00e9e de lecture estim\u00e9e\" \/>\n\t<meta name=\"twitter:data1\" content=\"5 minutes\" \/>\n<script type=\"application\/ld+json\" class=\"yoast-schema-graph\">{\"@context\":\"https:\/\/schema.org\",\"@graph\":[{\"@type\":\"WebPage\",\"@id\":\"https:\/\/www.mbsmb.fr\/site\/jeunes\/calendrier-jeunes\/\",\"url\":\"https:\/\/www.mbsmb.fr\/site\/jeunes\/calendrier-jeunes\/\",\"name\":\"Calendrier comp\u00e9titions - MBSMB\",\"isPartOf\":{\"@id\":\"https:\/\/www.mbsmb.fr\/site\/#website\"},\"primaryImageOfPage\":{\"@id\":\"https:\/\/www.mbsmb.fr\/site\/jeunes\/calendrier-jeunes\/#primaryimage\"},\"image\":{\"@id\":\"https:\/\/www.mbsmb.fr\/site\/jeunes\/calendrier-jeunes\/#primaryimage\"},\"thumbnailUrl\":\"https:\/\/www.mbsmb.fr\/site\/wp-content\/uploads\/2025\/07\/CircuitJeunes-1024x691.jpg\",\"datePublished\":\"2022-01-17T19:43:10+00:00\",\"dateModified\":\"2025-09-08T07:20:55+00:00\",\"breadcrumb\":{\"@id\":\"https:\/\/www.mbsmb.fr\/site\/jeunes\/calendrier-jeunes\/#breadcrumb\"},\"inLanguage\":\"fr-FR\",\"potentialAction\":[{\"@type\":\"ReadAction\",\"target\":[\"https:\/\/www.mbsmb.fr\/site\/jeunes\/calendrier-jeunes\/\"]}]},{\"@type\":\"ImageObject\",\"inLanguage\":\"fr-FR\",\"@id\":\"https:\/\/www.mbsmb.fr\/site\/jeunes\/calendrier-jeunes\/#primaryimage\",\"url\":\"https:\/\/www.mbsmb.fr\/site\/wp-content\/uploads\/2025\/07\/CircuitJeunes.jpg\",\"contentUrl\":\"https:\/\/www.mbsmb.fr\/site\/wp-content\/uploads\/2025\/07\/CircuitJeunes.jpg\",\"width\":2334,\"height\":1575},{\"@type\":\"BreadcrumbList\",\"@id\":\"https:\/\/www.mbsmb.fr\/site\/jeunes\/calendrier-jeunes\/#breadcrumb\",\"itemListElement\":[{\"@type\":\"ListItem\",\"position\":1,\"name\":\"Accueil\",\"item\":\"https:\/\/www.mbsmb.fr\/site\/\"},{\"@type\":\"ListItem\",\"position\":2,\"name\":\"Jeunes\",\"item\":\"https:\/\/www.mbsmb.fr\/site\/jeunes\/\"},{\"@type\":\"ListItem\",\"position\":3,\"name\":\"Calendrier comp\u00e9titions\"}]},{\"@type\":\"WebSite\",\"@id\":\"https:\/\/www.mbsmb.fr\/site\/#website\",\"url\":\"https:\/\/www.mbsmb.fr\/site\/\",\"name\":\"MSQB metz saint quentin badminton\",\"description\":\"Metz Ban Saint Martin Badminton\",\"publisher\":{\"@id\":\"https:\/\/www.mbsmb.fr\/site\/#organization\"},\"potentialAction\":[{\"@type\":\"SearchAction\",\"target\":{\"@type\":\"EntryPoint\",\"urlTemplate\":\"https:\/\/www.mbsmb.fr\/site\/?s={search_term_string}\"},\"query-input\":{\"@type\":\"PropertyValueSpecification\",\"valueRequired\":true,\"valueName\":\"search_term_string\"}}],\"inLanguage\":\"fr-FR\"},{\"@type\":\"Organization\",\"@id\":\"https:\/\/www.mbsmb.fr\/site\/#organization\",\"name\":\"msqb\",\"url\":\"https:\/\/www.mbsmb.fr\/site\/\",\"logo\":{\"@type\":\"ImageObject\",\"inLanguage\":\"fr-FR\",\"@id\":\"https:\/\/www.mbsmb.fr\/site\/#\/schema\/logo\/image\/\",\"url\":\"http:\/\/www.msqb.fr\/site\/wp-content\/uploads\/2015\/12\/msqb_logo1.png\",\"contentUrl\":\"http:\/\/www.msqb.fr\/site\/wp-content\/uploads\/2015\/12\/msqb_logo1.png\",\"width\":996,\"height\":996,\"caption\":\"msqb\"},\"image\":{\"@id\":\"https:\/\/www.mbsmb.fr\/site\/#\/schema\/logo\/image\/\"},\"sameAs\":[\"https:\/\/www.facebook.com\/metzbansaintmartinbadminton\"]}]}<\/script>\n<!-- \/ Yoast SEO plugin. -->","yoast_head_json":{"title":"Calendrier comp\u00e9titions - MBSMB","robots":{"index":"index","follow":"follow","max-snippet":"max-snippet:-1","max-image-preview":"max-image-preview:large","max-video-preview":"max-video-preview:-1"},"canonical":"https:\/\/www.mbsmb.fr\/site\/jeunes\/calendrier-jeunes\/","og_locale":"fr_FR","og_type":"article","og_title":"Calendrier comp\u00e9titions - MBSMB","og_description":"Saison 2025-2026 Circuits Jeunes Les championnats En \u00e9quipe Troph\u00e9e R\u00e9gional Jeunes &#8211; L&rsquo;\u00c9tape 1 se jouera \u00e0 Wittelsheim. Circuits \u00c9lites Jeunes Les tournois internationaux &nbsp; &nbsp; Les diff\u00e9rentes comp\u00e9titions expliqu\u00e9es Le Circuit Jeunes Le Circuit Jeunes est la formule la plus adapt\u00e9e aux jeunes qui veulent aborder pour la premi\u00e8re &hellip;","og_url":"https:\/\/www.mbsmb.fr\/site\/jeunes\/calendrier-jeunes\/","og_site_name":"MBSMB","article_publisher":"https:\/\/www.facebook.com\/metzbansaintmartinbadminton","article_modified_time":"2025-09-08T07:20:55+00:00","og_image":[{"width":2334,"height":1575,"url":"https:\/\/www.mbsmb.fr\/site\/wp-content\/uploads\/2025\/07\/CircuitJeunes.jpg","type":"image\/jpeg"}],"twitter_card":"summary_large_image","twitter_misc":{"Dur\u00e9e de lecture estim\u00e9e":"5 minutes"},"schema":{"@context":"https:\/\/schema.org","@graph":[{"@type":"WebPage","@id":"https:\/\/www.mbsmb.fr\/site\/jeunes\/calendrier-jeunes\/","url":"https:\/\/www.mbsmb.fr\/site\/jeunes\/calendrier-jeunes\/","name":"Calendrier comp\u00e9titions - MBSMB","isPartOf":{"@id":"https:\/\/www.mbsmb.fr\/site\/#website"},"primaryImageOfPage":{"@id":"https:\/\/www.mbsmb.fr\/site\/jeunes\/calendrier-jeunes\/#primaryimage"},"image":{"@id":"https:\/\/www.mbsmb.fr\/site\/jeunes\/calendrier-jeunes\/#primaryimage"},"thumbnailUrl":"https:\/\/www.mbsmb.fr\/site\/wp-content\/uploads\/2025\/07\/CircuitJeunes-1024x691.jpg","datePublished":"2022-01-17T19:43:10+00:00","dateModified":"2025-09-08T07:20:55+00:00","breadcrumb":{"@id":"https:\/\/www.mbsmb.fr\/site\/jeunes\/calendrier-jeunes\/#breadcrumb"},"inLanguage":"fr-FR","potentialAction":[{"@type":"ReadAction","target":["https:\/\/www.mbsmb.fr\/site\/jeunes\/calendrier-jeunes\/"]}]},{"@type":"ImageObject","inLanguage":"fr-FR","@id":"https:\/\/www.mbsmb.fr\/site\/jeunes\/calendrier-jeunes\/#primaryimage","url":"https:\/\/www.mbsmb.fr\/site\/wp-content\/uploads\/2025\/07\/CircuitJeunes.jpg","contentUrl":"https:\/\/www.mbsmb.fr\/site\/wp-content\/uploads\/2025\/07\/CircuitJeunes.jpg","width":2334,"height":1575},{"@type":"BreadcrumbList","@id":"https:\/\/www.mbsmb.fr\/site\/jeunes\/calendrier-jeunes\/#breadcrumb","itemListElement":[{"@type":"ListItem","position":1,"name":"Accueil","item":"https:\/\/www.mbsmb.fr\/site\/"},{"@type":"ListItem","position":2,"name":"Jeunes","item":"https:\/\/www.mbsmb.fr\/site\/jeunes\/"},{"@type":"ListItem","position":3,"name":"Calendrier comp\u00e9titions"}]},{"@type":"WebSite","@id":"https:\/\/www.mbsmb.fr\/site\/#website","url":"https:\/\/www.mbsmb.fr\/site\/","name":"MSQB metz saint quentin badminton","description":"Metz Ban Saint Martin Badminton","publisher":{"@id":"https:\/\/www.mbsmb.fr\/site\/#organization"},"potentialAction":[{"@type":"SearchAction","target":{"@type":"EntryPoint","urlTemplate":"https:\/\/www.mbsmb.fr\/site\/?s={search_term_string}"},"query-input":{"@type":"PropertyValueSpecification","valueRequired":true,"valueName":"search_term_string"}}],"inLanguage":"fr-FR"},{"@type":"Organization","@id":"https:\/\/www.mbsmb.fr\/site\/#organization","name":"msqb","url":"https:\/\/www.mbsmb.fr\/site\/","logo":{"@type":"ImageObject","inLanguage":"fr-FR","@id":"https:\/\/www.mbsmb.fr\/site\/#\/schema\/logo\/image\/","url":"http:\/\/www.msqb.fr\/site\/wp-content\/uploads\/2015\/12\/msqb_logo1.png","contentUrl":"http:\/\/www.msqb.fr\/site\/wp-content\/uploads\/2015\/12\/msqb_logo1.png","width":996,"height":996,"caption":"msqb"},"image":{"@id":"https:\/\/www.mbsmb.fr\/site\/#\/schema\/logo\/image\/"},"sameAs":["https:\/\/www.facebook.com\/metzbansaintmartinbadminton"]}]}},"_links":{"self":[{"href":"https:\/\/www.mbsmb.fr\/site\/wp-json\/wp\/v2\/pages\/1931","targetHints":{"allow":["GET"]}}],"collection":[{"href":"https:\/\/www.mbsmb.fr\/site\/wp-json\/wp\/v2\/pages"}],"about":[{"href":"https:\/\/www.mbsmb.fr\/site\/wp-json\/wp\/v2\/types\/page"}],"author":[{"embeddable":true,"href":"https:\/\/www.mbsmb.fr\/site\/wp-json\/wp\/v2\/users\/1"}],"replies":[{"embeddable":true,"href":"https:\/\/www.mbsmb.fr\/site\/wp-json\/wp\/v2\/comments?post=1931"}],"version-history":[{"count":23,"href":"https:\/\/www.mbsmb.fr\/site\/wp-json\/wp\/v2\/pages\/1931\/revisions"}],"predecessor-version":[{"id":3240,"href":"https:\/\/www.mbsmb.fr\/site\/wp-json\/wp\/v2\/pages\/1931\/revisions\/3240"}],"up":[{"embeddable":true,"href":"https:\/\/www.mbsmb.fr\/site\/wp-json\/wp\/v2\/pages\/810"}],"wp:attachment":[{"href":"https:\/\/www.mbsmb.fr\/site\/wp-json\/wp\/v2\/media?parent=1931"}],"curies":[{"name":"wp","href":"https:\/\/api.w.org\/{rel}","templated":true}]}}