{"id":117,"date":"2015-12-31T18:39:38","date_gmt":"2015-12-31T17:39:38","guid":{"rendered":"http:\/\/www.msqb.fr\/site2\/?page_id=117"},"modified":"2025-09-16T14:20:42","modified_gmt":"2025-09-16T13:20:42","slug":"presentation","status":"publish","type":"page","link":"https:\/\/www.mbsmb.fr\/site\/le-club\/presentation\/","title":{"rendered":"Pr\u00e9sentation"},"content":{"rendered":"<h4>Histoire<\/h4>\n<p>Le Metz Ban Saint Martin Badminton &#8211; <strong>MBSMB<\/strong> &#8211; est un club de badminton fond\u00e9 en septembre 2021. Ce club majeur du Grand Est est issu de la fusion des clubs de la ville de Ban Saint Martin, le Metz Saint Quentin Badminton (MSQB) et de la ville de Metz, le Metz Badminton (MB).<\/p>\n<p>Notre nouveau club regroupe plus de 300 joueurs et devient ainsi le <strong>premier club de Moselle<\/strong>. Nous avons engag\u00e9 9 \u00e9quipes d&rsquo;Interclubs cette saison, \u00e0 tous les niveaux, de Nationale 2 \u00e0 D\u00e9partementale 3.<\/p>\n<p>Le MBSMB est un club de badminton g\u00e9n\u00e9raliste, permettant une pratique loisirs et de comp\u00e9tition, o\u00f9 tout le monde (jeunes et adultes) peut s\u2019adonner \u00e0 cette activit\u00e9 selon ses envies, 7 jours sur 7, sur de nombreux cr\u00e9neaux (4 gymnases) et \u00e0 moindre co\u00fbt.<\/p>\n<p>Ce club est affili\u00e9 \u00e0 la <strong>FFBad<\/strong> (F\u00e9d\u00e9ration Fran\u00e7aise de Badminton) et est inscrit au registre <strong>Jeunesse et Sports<\/strong>.<\/p>\n<p>Pour plus d&rsquo;infos sur les 2 clubs historiques qui ont donn\u00e9 naissance au MBSMB, rendez-vous sur:<\/p>\n<h5><span style=\"color: #ffcc00;\"><em><strong><a style=\"color: #ffcc00;\" href=\"https:\/\/www.mbsmb.fr\/archives\/metzbadminton\/metzbadminton.com\/index.html\">&#8211;&gt; Ancien site Metz badminton (Archives)<\/a><\/strong><\/em><\/span><\/h5>\n<h5><span style=\"color: #00ccff;\"><em><strong><a style=\"color: #00ccff;\" href=\"https:\/\/www.mbsmb.fr\/archives\/msqb\/www.msqb.fr\/site\/index.html\">&#8211;&gt; Ancien site Metz Saint Quentin Badminton (Archives)<\/a><\/strong><\/em><\/span><\/h5>\n<p>&nbsp;<\/p>\n<p><img loading=\"lazy\" decoding=\"async\" class=\"wp-image-2678 aligncenter\" src=\"https:\/\/www.mbsmb.fr\/site\/wp-content\/uploads\/2023\/01\/Repartition-membres-site-web.png\" alt=\"\" width=\"472\" height=\"283\" srcset=\"https:\/\/www.mbsmb.fr\/site\/wp-content\/uploads\/2023\/01\/Repartition-membres-site-web.png 1653w, https:\/\/www.mbsmb.fr\/site\/wp-content\/uploads\/2023\/01\/Repartition-membres-site-web-300x180.png 300w, https:\/\/www.mbsmb.fr\/site\/wp-content\/uploads\/2023\/01\/Repartition-membres-site-web-1024x615.png 1024w, https:\/\/www.mbsmb.fr\/site\/wp-content\/uploads\/2023\/01\/Repartition-membres-site-web-768x461.png 768w, https:\/\/www.mbsmb.fr\/site\/wp-content\/uploads\/2023\/01\/Repartition-membres-site-web-1536x923.png 1536w, https:\/\/www.mbsmb.fr\/site\/wp-content\/uploads\/2023\/01\/Repartition-membres-site-web-1440x865.png 1440w\" sizes=\"auto, (max-width: 472px) 100vw, 472px\" \/><\/p>\n<p>&nbsp;<\/p>\n<h4 style=\"text-align: center;\">Comit\u00e9 Directeur<\/h4>\n<p><span style=\"text-decoration: underline;\">Bureau<\/span><\/p>\n\n<table id=\"tablepress-27\" class=\"tablepress tablepress-id-27 tablepress-id-1 row-2 column-1 background-color: none column-2\">\n<tbody>\n<tr class=\"row-1\">\n\t<td class=\"column-1\"><p style=\"text-align: center;\">Pr\u00e9sident<br \/>\n<strong>Jean-Luc CUR\u00c9<\/strong><\/p><\/td><td class=\"column-2\"><p style=\"text-align: center;\">Vice-pr\u00e9sident<br \/>\n<strong>Luc SIBILLE<\/strong><\/p><\/td>\n<\/tr>\n<tr class=\"row-2\">\n\t<td class=\"column-1\"><p style=\"text-align: center;\">Tr\u00e9sorier<br \/>\n<strong>Jean-Luc CL\u00c9MENTE<\/strong><\/p><\/td><td class=\"column-2\"><p style=\"text-align: center;\">Tr\u00e9sorier-adjoint<br \/>\n<strong>Corentin SAHM<\/strong><\/p><\/td>\n<\/tr>\n<tr class=\"row-3\">\n\t<td class=\"column-1\"><p style=\"text-align: center;\">Secr\u00e9taire<br \/>\n<strong>Marianne CL\u00c9MENTE<\/strong><\/p><\/td><td class=\"column-2\"><p style=\"text-align: center;\">Secr\u00e9taire-adjointe<br \/>\n<strong>Corinne ALTERMATT<\/strong><\/p><\/td>\n<\/tr>\n<\/tbody>\n<\/table>\n<!-- #tablepress-27 from cache -->\n<p>&nbsp;<\/p>\n<p><span style=\"text-decoration: underline;\">Membres du Comit\u00e9 Directeur<\/span><\/p>\n\n<table id=\"tablepress-28\" class=\"tablepress tablepress-id-28\">\n<tbody>\n<tr class=\"row-1\">\n\t<td class=\"column-1\"><strong>Bureau +<\/strong><\/td><td class=\"column-2\">Christelle BASSELIN<\/td><td class=\"column-3\">Bastien BORDAGE<\/td><td class=\"column-4\">Iseline CALANDRI<\/td><td class=\"column-5\">Daniel F\u00c9LIX<\/td><td class=\"column-6\">Hadrien KOENIG<\/td>\n<\/tr>\n<tr class=\"row-2\">\n\t<td class=\"column-1\"><\/td><td class=\"column-2\">Ga\u00ebl MILANI<\/td><td class=\"column-3\">Rey MITH<\/td><td class=\"column-4\">\u00c9ric SANTY<\/td><td class=\"column-5\">Manon STENGER<\/td><td class=\"column-6\">\u00c9ric WEISS<\/td>\n<\/tr>\n<\/tbody>\n<\/table>\n<!-- #tablepress-28 from cache -->\n<h4>Cr\u00e9neaux propos\u00e9s:<\/h4>\n<p><span style=\"text-decoration: underline;\">Cr\u00e9neaux Adultes loisirs :<\/span> pour une pratique ludique du Badminton, o\u00f9 vous rencontrez et jouez avec les autres membres loisirs du club. Des cr\u00e9neaux jeu libre et anim\u00e9s vous sont propos\u00e9s. Les volants plastiques et raquettes de pr\u00eat peuvent \u00eatre fournis. Vous n&rsquo;avez plus qu&rsquo;\u00e0 faire connaissance, vous amuser et\/ou d\u00e9couvrir la pratique du badminton.<\/p>\n<p><span style=\"text-decoration: underline;\">Cr\u00e9neaux Adultes comp\u00e9titeurs :<\/span> pour progresser et se pr\u00e9parer aux tournois et rencontres Interclubs. Les volants plumes sont <strong>uniquement fournis sur les s\u00e9ances d&rsquo;entrainements<\/strong>. Ils sont \u00e0 la charge des joueurs pour les s\u00e9ances de jeu libre.<\/p>\n<p><span style=\"text-decoration: underline;\">Cr\u00e9neaux Jeunes :<\/span> s\u00e9ances d&rsquo;animations et d&rsquo;entrainements pour les enfants encadr\u00e9es par des personnes dipl\u00f4m\u00e9es du club et qui s&rsquo;articulent autour de jeux et d&rsquo;exercices techniques et ludiques. Les volants sont fournis gratuitement, sous r\u00e9serve de finances suffisantes.<\/p>\n<h4>Rendez-vous importants<\/h4>\n<p><span style=\"text-decoration: underline;\">Assembl\u00e9e G\u00e9n\u00e9rale :<\/span> Une fois par an minimum.<\/p>\n<p>Nos tournois jeunes et adultes.<\/p>\n<p>Le tournoi <strong>DoYouDoDouble<\/strong> est un tournoi organis\u00e9 g\u00e9n\u00e9ralement en fin de saison (mai, juin ou juillet), au Palais des sports de Metz.<\/p>\n<p>&nbsp;<\/p>\n<h4>Encadrement<\/h4>\n<p>Au sein du club, nous disposons de personnes dipl\u00f4m\u00e9es par la <strong>F\u00e9d\u00e9ration Fran\u00e7aise de Badminton<\/strong> b\u00e9n\u00e9voles et un salari\u00e9, Brevet d&rsquo;Etat: <strong>Florent Thibot<\/strong>.<\/p>\n<p><img loading=\"lazy\" decoding=\"async\" class=\"alignnone wp-image-2441\" src=\"https:\/\/www.mbsmb.fr\/site\/wp-content\/uploads\/2022\/07\/Florent-768x1024.jpg\" alt=\"\" width=\"119\" height=\"159\" srcset=\"https:\/\/www.mbsmb.fr\/site\/wp-content\/uploads\/2022\/07\/Florent-768x1024.jpg 768w, https:\/\/www.mbsmb.fr\/site\/wp-content\/uploads\/2022\/07\/Florent-225x300.jpg 225w, https:\/\/www.mbsmb.fr\/site\/wp-content\/uploads\/2022\/07\/Florent-1152x1536.jpg 1152w, https:\/\/www.mbsmb.fr\/site\/wp-content\/uploads\/2022\/07\/Florent-1536x2048.jpg 1536w, https:\/\/www.mbsmb.fr\/site\/wp-content\/uploads\/2022\/07\/Florent-1080x1440.jpg 1080w, https:\/\/www.mbsmb.fr\/site\/wp-content\/uploads\/2022\/07\/Florent-scaled.jpg 1920w\" sizes=\"auto, (max-width: 119px) 100vw, 119px\" \/><\/p>\n<p>Si des personnes sont int\u00e9ress\u00e9es pour devenir b\u00e9n\u00e9voles en tant qu&rsquo;animateur, initiateur, entra\u00eeneur, GEO, arbitre ou juge-arbitre de badminton, venez nous en parler, nous vous orienterons et nous pourrons sans doute vous financer tout ou partie des formations.<\/p>\n<h4>Dipl\u00f4mes f\u00e9d\u00e9raux et d&rsquo;Etat d\u00e9tenus par les MBSMBistes<\/h4>\n<p>&nbsp;<\/p>\n<p><strong>Brevet d&rsquo;Etat<\/strong><\/p>\n<p>THIBOT Florent &#8211; 1er et 2e degr\u00e9<\/p>\n<p><strong>Arbitre Ligue Accr\u00e9dit\u00e9 :<\/strong><br \/>\nDEFFORGE Julien, DUPIRE Yannick, HAYOTTE Simon, HEZARD Jean-Benoit, KOENIG Hadrien.<\/p>\n<p><strong>Arbitre Ligue Certifi\u00e9 :<\/strong><br \/>\nCLEMENTE Nathalie, HANOT Emmanuel et MILANI Gael<\/p>\n<p><strong>Juge-Arbitre :<\/strong><br \/>\nCURE Jean-Luc, HAYOTTE Simon, MILANI Gael<\/p>\n<p><strong>Gestion et Organisation de Comp\u00e9tition (GEO) :<\/strong><\/p>\n<p>CURE Jean-Luc, FLECK Emmanuelle, HAYOTTE Simon, KOENIG Hadrien, LUPO Kevin, MILANI Gael, MOREL Dimitri, STENOFI Jessica, ZAPP Eric<\/p>\n<p><strong>Dipl\u00f4me d&rsquo;Entraineur Badminton (EB1) :<\/strong><br \/>\nMILANI Gael, MITH Rey<\/p>\n<p><strong>Dipl\u00f4me d&rsquo;Animateur Badminton (DAB et AB1) :<\/strong><br \/>\nHANOT Emmanuel, FELIX Daniel, KOLATA Alexandre, MOREL Dimitri, THIEBEAU Benoit, SCHMITT C\u00e9lestin, STENGER Manon, ZAPP Eric<\/p>\n<p><strong>Dipl\u00f4me d\u2019Initiateurs Adultes (DIA) :<\/strong><\/p>\n<h6>MILANI Ga\u00ebl, ZAPP Eric<\/h6>\n<p><strong><br \/>\nDipl\u00f4me d&rsquo;Initiateur Jeunes (DIJ) :<\/strong><br \/>\nHANOT Emmanuel<\/p>\n<p><strong>Titulaire \u00ab\u00a0Module technique\u00a0\u00bb :<\/strong><br \/>\n<span style=\"font-family: 'Open Sans'; font-size: 16px; font-style: normal; font-variant-ligatures: normal; font-variant-caps: normal; font-weight: 300;\">FELIX Daniel, <\/span>HANOT Emmanuel, MOREL Dimitri, STENGER Manon, ZAPP Eric<\/p>\n<p>&nbsp;<\/p>\n<p>&nbsp;<\/p>\n<!-- AddThis Advanced Settings generic via filter on the_content --><!-- AddThis Share Buttons generic via filter on the_content -->","protected":false},"excerpt":{"rendered":"<p>Histoire Le Metz Ban Saint Martin Badminton &#8211; MBSMB &#8211; est un club de badminton fond\u00e9 en septembre 2021. Ce club majeur du Grand Est est issu de la fusion des clubs de la ville de Ban Saint Martin, le Metz Saint Quentin Badminton (MSQB) et de la ville de &hellip;<!-- AddThis Advanced Settings generic via filter on get_the_excerpt --><!-- AddThis Share Buttons generic via filter on get_the_excerpt --><\/p>\n","protected":false},"author":1,"featured_media":0,"parent":27,"menu_order":1,"comment_status":"closed","ping_status":"closed","template":"","meta":{"footnotes":""},"class_list":["post-117","page","type-page","status-publish","hentry"],"yoast_head":"<!-- This site is optimized with the Yoast SEO plugin v26.7 - https:\/\/yoast.com\/wordpress\/plugins\/seo\/ -->\n<title>Pr\u00e9sentation - MBSMB<\/title>\n<meta name=\"robots\" content=\"index, follow, max-snippet:-1, max-image-preview:large, max-video-preview:-1\" \/>\n<link rel=\"canonical\" href=\"https:\/\/www.mbsmb.fr\/site\/le-club\/presentation\/\" \/>\n<meta property=\"og:locale\" content=\"fr_FR\" \/>\n<meta property=\"og:type\" content=\"article\" \/>\n<meta property=\"og:title\" content=\"Pr\u00e9sentation - MBSMB\" \/>\n<meta property=\"og:description\" content=\"Histoire Le Metz Ban Saint Martin Badminton &#8211; MBSMB &#8211; est un club de badminton fond\u00e9 en septembre 2021. Ce club majeur du Grand Est est issu de la fusion des clubs de la ville de Ban Saint Martin, le Metz Saint Quentin Badminton (MSQB) et de la ville de &hellip;\" \/>\n<meta property=\"og:url\" content=\"https:\/\/www.mbsmb.fr\/site\/le-club\/presentation\/\" \/>\n<meta property=\"og:site_name\" content=\"MBSMB\" \/>\n<meta property=\"article:publisher\" content=\"https:\/\/www.facebook.com\/metzbansaintmartinbadminton\" \/>\n<meta property=\"article:modified_time\" content=\"2025-09-16T13:20:42+00:00\" \/>\n<meta property=\"og:image\" content=\"https:\/\/www.mbsmb.fr\/site\/wp-content\/uploads\/2023\/01\/Repartition-membres-site-web.png\" \/>\n\t<meta property=\"og:image:width\" content=\"1653\" \/>\n\t<meta property=\"og:image:height\" content=\"993\" \/>\n\t<meta property=\"og:image:type\" content=\"image\/png\" \/>\n<meta name=\"twitter:card\" content=\"summary_large_image\" \/>\n<meta name=\"twitter:label1\" content=\"Dur\u00e9e de lecture estim\u00e9e\" \/>\n\t<meta name=\"twitter:data1\" content=\"4 minutes\" \/>\n<script type=\"application\/ld+json\" class=\"yoast-schema-graph\">{\"@context\":\"https:\/\/schema.org\",\"@graph\":[{\"@type\":\"WebPage\",\"@id\":\"https:\/\/www.mbsmb.fr\/site\/le-club\/presentation\/\",\"url\":\"https:\/\/www.mbsmb.fr\/site\/le-club\/presentation\/\",\"name\":\"Pr\u00e9sentation - MBSMB\",\"isPartOf\":{\"@id\":\"https:\/\/www.mbsmb.fr\/site\/#website\"},\"primaryImageOfPage\":{\"@id\":\"https:\/\/www.mbsmb.fr\/site\/le-club\/presentation\/#primaryimage\"},\"image\":{\"@id\":\"https:\/\/www.mbsmb.fr\/site\/le-club\/presentation\/#primaryimage\"},\"thumbnailUrl\":\"https:\/\/www.mbsmb.fr\/site\/wp-content\/uploads\/2023\/01\/Repartition-membres-site-web.png\",\"datePublished\":\"2015-12-31T17:39:38+00:00\",\"dateModified\":\"2025-09-16T13:20:42+00:00\",\"breadcrumb\":{\"@id\":\"https:\/\/www.mbsmb.fr\/site\/le-club\/presentation\/#breadcrumb\"},\"inLanguage\":\"fr-FR\",\"potentialAction\":[{\"@type\":\"ReadAction\",\"target\":[\"https:\/\/www.mbsmb.fr\/site\/le-club\/presentation\/\"]}]},{\"@type\":\"ImageObject\",\"inLanguage\":\"fr-FR\",\"@id\":\"https:\/\/www.mbsmb.fr\/site\/le-club\/presentation\/#primaryimage\",\"url\":\"https:\/\/www.mbsmb.fr\/site\/wp-content\/uploads\/2023\/01\/Repartition-membres-site-web.png\",\"contentUrl\":\"https:\/\/www.mbsmb.fr\/site\/wp-content\/uploads\/2023\/01\/Repartition-membres-site-web.png\",\"width\":1653,\"height\":993},{\"@type\":\"BreadcrumbList\",\"@id\":\"https:\/\/www.mbsmb.fr\/site\/le-club\/presentation\/#breadcrumb\",\"itemListElement\":[{\"@type\":\"ListItem\",\"position\":1,\"name\":\"Accueil\",\"item\":\"https:\/\/www.mbsmb.fr\/site\/\"},{\"@type\":\"ListItem\",\"position\":2,\"name\":\"Le club\",\"item\":\"https:\/\/www.mbsmb.fr\/site\/le-club\/\"},{\"@type\":\"ListItem\",\"position\":3,\"name\":\"Pr\u00e9sentation\"}]},{\"@type\":\"WebSite\",\"@id\":\"https:\/\/www.mbsmb.fr\/site\/#website\",\"url\":\"https:\/\/www.mbsmb.fr\/site\/\",\"name\":\"MSQB metz saint quentin badminton\",\"description\":\"Metz Ban Saint Martin Badminton\",\"publisher\":{\"@id\":\"https:\/\/www.mbsmb.fr\/site\/#organization\"},\"potentialAction\":[{\"@type\":\"SearchAction\",\"target\":{\"@type\":\"EntryPoint\",\"urlTemplate\":\"https:\/\/www.mbsmb.fr\/site\/?s={search_term_string}\"},\"query-input\":{\"@type\":\"PropertyValueSpecification\",\"valueRequired\":true,\"valueName\":\"search_term_string\"}}],\"inLanguage\":\"fr-FR\"},{\"@type\":\"Organization\",\"@id\":\"https:\/\/www.mbsmb.fr\/site\/#organization\",\"name\":\"msqb\",\"url\":\"https:\/\/www.mbsmb.fr\/site\/\",\"logo\":{\"@type\":\"ImageObject\",\"inLanguage\":\"fr-FR\",\"@id\":\"https:\/\/www.mbsmb.fr\/site\/#\/schema\/logo\/image\/\",\"url\":\"http:\/\/www.msqb.fr\/site\/wp-content\/uploads\/2015\/12\/msqb_logo1.png\",\"contentUrl\":\"http:\/\/www.msqb.fr\/site\/wp-content\/uploads\/2015\/12\/msqb_logo1.png\",\"width\":996,\"height\":996,\"caption\":\"msqb\"},\"image\":{\"@id\":\"https:\/\/www.mbsmb.fr\/site\/#\/schema\/logo\/image\/\"},\"sameAs\":[\"https:\/\/www.facebook.com\/metzbansaintmartinbadminton\"]}]}<\/script>\n<!-- \/ Yoast SEO plugin. -->","yoast_head_json":{"title":"Pr\u00e9sentation - MBSMB","robots":{"index":"index","follow":"follow","max-snippet":"max-snippet:-1","max-image-preview":"max-image-preview:large","max-video-preview":"max-video-preview:-1"},"canonical":"https:\/\/www.mbsmb.fr\/site\/le-club\/presentation\/","og_locale":"fr_FR","og_type":"article","og_title":"Pr\u00e9sentation - MBSMB","og_description":"Histoire Le Metz Ban Saint Martin Badminton &#8211; MBSMB &#8211; est un club de badminton fond\u00e9 en septembre 2021. Ce club majeur du Grand Est est issu de la fusion des clubs de la ville de Ban Saint Martin, le Metz Saint Quentin Badminton (MSQB) et de la ville de &hellip;","og_url":"https:\/\/www.mbsmb.fr\/site\/le-club\/presentation\/","og_site_name":"MBSMB","article_publisher":"https:\/\/www.facebook.com\/metzbansaintmartinbadminton","article_modified_time":"2025-09-16T13:20:42+00:00","og_image":[{"width":1653,"height":993,"url":"https:\/\/www.mbsmb.fr\/site\/wp-content\/uploads\/2023\/01\/Repartition-membres-site-web.png","type":"image\/png"}],"twitter_card":"summary_large_image","twitter_misc":{"Dur\u00e9e de lecture estim\u00e9e":"4 minutes"},"schema":{"@context":"https:\/\/schema.org","@graph":[{"@type":"WebPage","@id":"https:\/\/www.mbsmb.fr\/site\/le-club\/presentation\/","url":"https:\/\/www.mbsmb.fr\/site\/le-club\/presentation\/","name":"Pr\u00e9sentation - MBSMB","isPartOf":{"@id":"https:\/\/www.mbsmb.fr\/site\/#website"},"primaryImageOfPage":{"@id":"https:\/\/www.mbsmb.fr\/site\/le-club\/presentation\/#primaryimage"},"image":{"@id":"https:\/\/www.mbsmb.fr\/site\/le-club\/presentation\/#primaryimage"},"thumbnailUrl":"https:\/\/www.mbsmb.fr\/site\/wp-content\/uploads\/2023\/01\/Repartition-membres-site-web.png","datePublished":"2015-12-31T17:39:38+00:00","dateModified":"2025-09-16T13:20:42+00:00","breadcrumb":{"@id":"https:\/\/www.mbsmb.fr\/site\/le-club\/presentation\/#breadcrumb"},"inLanguage":"fr-FR","potentialAction":[{"@type":"ReadAction","target":["https:\/\/www.mbsmb.fr\/site\/le-club\/presentation\/"]}]},{"@type":"ImageObject","inLanguage":"fr-FR","@id":"https:\/\/www.mbsmb.fr\/site\/le-club\/presentation\/#primaryimage","url":"https:\/\/www.mbsmb.fr\/site\/wp-content\/uploads\/2023\/01\/Repartition-membres-site-web.png","contentUrl":"https:\/\/www.mbsmb.fr\/site\/wp-content\/uploads\/2023\/01\/Repartition-membres-site-web.png","width":1653,"height":993},{"@type":"BreadcrumbList","@id":"https:\/\/www.mbsmb.fr\/site\/le-club\/presentation\/#breadcrumb","itemListElement":[{"@type":"ListItem","position":1,"name":"Accueil","item":"https:\/\/www.mbsmb.fr\/site\/"},{"@type":"ListItem","position":2,"name":"Le club","item":"https:\/\/www.mbsmb.fr\/site\/le-club\/"},{"@type":"ListItem","position":3,"name":"Pr\u00e9sentation"}]},{"@type":"WebSite","@id":"https:\/\/www.mbsmb.fr\/site\/#website","url":"https:\/\/www.mbsmb.fr\/site\/","name":"MSQB metz saint quentin badminton","description":"Metz Ban Saint Martin Badminton","publisher":{"@id":"https:\/\/www.mbsmb.fr\/site\/#organization"},"potentialAction":[{"@type":"SearchAction","target":{"@type":"EntryPoint","urlTemplate":"https:\/\/www.mbsmb.fr\/site\/?s={search_term_string}"},"query-input":{"@type":"PropertyValueSpecification","valueRequired":true,"valueName":"search_term_string"}}],"inLanguage":"fr-FR"},{"@type":"Organization","@id":"https:\/\/www.mbsmb.fr\/site\/#organization","name":"msqb","url":"https:\/\/www.mbsmb.fr\/site\/","logo":{"@type":"ImageObject","inLanguage":"fr-FR","@id":"https:\/\/www.mbsmb.fr\/site\/#\/schema\/logo\/image\/","url":"http:\/\/www.msqb.fr\/site\/wp-content\/uploads\/2015\/12\/msqb_logo1.png","contentUrl":"http:\/\/www.msqb.fr\/site\/wp-content\/uploads\/2015\/12\/msqb_logo1.png","width":996,"height":996,"caption":"msqb"},"image":{"@id":"https:\/\/www.mbsmb.fr\/site\/#\/schema\/logo\/image\/"},"sameAs":["https:\/\/www.facebook.com\/metzbansaintmartinbadminton"]}]}},"_links":{"self":[{"href":"https:\/\/www.mbsmb.fr\/site\/wp-json\/wp\/v2\/pages\/117","targetHints":{"allow":["GET"]}}],"collection":[{"href":"https:\/\/www.mbsmb.fr\/site\/wp-json\/wp\/v2\/pages"}],"about":[{"href":"https:\/\/www.mbsmb.fr\/site\/wp-json\/wp\/v2\/types\/page"}],"author":[{"embeddable":true,"href":"https:\/\/www.mbsmb.fr\/site\/wp-json\/wp\/v2\/users\/1"}],"replies":[{"embeddable":true,"href":"https:\/\/www.mbsmb.fr\/site\/wp-json\/wp\/v2\/comments?post=117"}],"version-history":[{"count":65,"href":"https:\/\/www.mbsmb.fr\/site\/wp-json\/wp\/v2\/pages\/117\/revisions"}],"predecessor-version":[{"id":3248,"href":"https:\/\/www.mbsmb.fr\/site\/wp-json\/wp\/v2\/pages\/117\/revisions\/3248"}],"up":[{"embeddable":true,"href":"https:\/\/www.mbsmb.fr\/site\/wp-json\/wp\/v2\/pages\/27"}],"wp:attachment":[{"href":"https:\/\/www.mbsmb.fr\/site\/wp-json\/wp\/v2\/media?parent=117"}],"curies":[{"name":"wp","href":"https:\/\/api.w.org\/{rel}","templated":true}]}}